et f(q) = 3*q - 17. Let y be f(-13). What is the units digit of (10/20)/((-2)/y)?
4
Let s(z) = -z**3 + 7*z**2 - 6*z - 4. Let k = 16 - 10. Let j be s(k). What is the tens digit of (-3)/1 + (j - -22)?
1
Suppose 0 = o + 2 - 5. Suppose l = -o*a + 32, 48 = 4*l - 2*a - 2*a. What is the units digit of l?
7
Suppose 3*v - 18 = 12. Suppose v + 12 = 2*q. What is the tens digit of q?
1
What is the tens digit of (-2 - (-19)/(-3))*-6?
5
Let t(p) be the third derivative of -p**6/120 + p**5/20 + p**4/6 - p**3/3 - 3*p**2. Let v be t(4). What is the units digit of (-58)/(-5) - v/5?
2
Let h(s) = -s**2 - 8*s - 8. Let a be h(-7). Let d = a - -3. What is the units digit of d?
2
Let b = -7 + -5. What is the units digit of (0 - 1)/(1/b)?
2
Let d(i) = -i**2 - 27*i - 9. What is the tens digit of d(-23)?
8
Let l be (-1 - 0) + 61 + -4. What is the units digit of (6/4)/(12/l)?
7
What is the units digit of (-414)/(-2) + (18 - 17)?
8
Let b be (-2)/8 - (-26)/8. Let r(n) = -15*n + 1. Let p be r(-5). What is the tens digit of (-2)/b + p/6?
1
Let s = 73 + -44. What is the units digit of s?
9
Suppose 3*f = f + 2. Let w = 4 + f. Suppose 13 = -w*o + 43. What is the units digit of o?
6
Suppose 3*p + 2*p - 80 = 0. What is the tens digit of p?
1
Let d(v) = 62*v**2 - 3*v + 2. What is the tens digit of d(1)?
6
What is the units digit of ((-15)/(-75))/(1/395)?
9
Suppose 14 = -5*m - u + 42, -32 = -4*m + 4*u. What is the units digit of m?
6
Suppose -c + 13 + 169 = 0. What is the hundreds digit of c?
1
Let j(x) = x**3 + 4*x**2 - x + 5. Let a be j(-4). Let y be (-1 - -1) + 3 + a. Let r = 20 - y. What is the units digit of r?
8
Suppose 2 = 6*q - 4*q. Let x(y) = 35*y**2 + y. What is the units digit of x(q)?
6
Let g = 41 + -15. What is the units digit of g?
6
Let v be 9/(-6)*56/6. Let y = v + 25. Suppose y = 3*r - 13. What is the units digit of r?
8
Let t be 2 + (-1)/(-1) + 0. Suppose 0 = -3*b + 2*h + 3 - 12, t*b - 12 = -5*h. What is the tens digit of 2 - (11*b + 0)?
1
Suppose 9 = -3*k + 6*k, -3*q - 3*k + 69 = 0. Suppose 5*l = 3*l + q. What is the tens digit of l?
1
Let z(w) be the third derivative of w**4/24 - w**3/6 + 2*w**2. Let h be z(5). What is the units digit of ((-18)/h)/(1/(-2))?
9
Let n be (-44)/((-1)/((-1)/(-2))). What is the units digit of n/3 - 5/15?
7
Suppose 5*o = -2*k + 76, 5 = -o - k + 22. Suppose -h + o - 40 = 0. Let a = 44 + h. What is the units digit of a?
8
Suppose 32 = 5*o - 98. What is the tens digit of o?
2
Let u be 1/2*(2 + -2). Let v be u*(1 + 4/(-2)). Suppose -3*q + 16 = 2*j, 5*q + v = 10. What is the units digit of j?
5
Suppose -4*f + 0*q - 2*q = -38, -31 = -2*f - 5*q. Suppose -7*y = -f*y. Let x(s) = s**3 + s**2 + s + 22. What is the tens digit of x(y)?
2
Let j(c) = -1 + 3 + 1 - 3*c - 2. Let g be j(3). What is the units digit of 2/g - 78/(-24)?
3
What is the tens digit of (-2)/4*2 - -27?
2
Let x(c) = c**3 + 9*c**2 + 5*c - 10. Let m be x(-8). Suppose m = l - 0*l. What is the units digit of l?
4
Let b be (-2)/(-1 + (-44)/(-52)). Let s = b + 5. What is the tens digit of s?
1
Let x(a) = a**3 - 5*a**2 - 6*a + 2. Let l be x(6). Suppose 4*c + 8 = l*h, 4*h = -2*c - c - 6. What is the units digit of (1/c)/(6/(-84))?
7
Let u be (2 - 3) + -1 + 2. Suppose u = 2*i - 4*m, 5*i + 0*m - 25 = 5*m. What is the units digit of i?
0
Let i(b) = 8*b**2 - b - 5. What is the tens digit of i(-3)?
7
Let v = 94 - -70. What is the tens digit of v?
6
Suppose 5*n = -0*n + 165. What is the units digit of n?
3
Let w = 20 - 7. Let n(p) = -p**2 + 18*p - 4. What is the tens digit of n(w)?
6
What is the units digit of -3 + (1 - 0)*39?
6
Let p = 9 - -22. What is the units digit of p?
1
Let w = 14 - -58. What is the tens digit of (1/2)/(2/w)?
1
Let b(a) = -a**2 + 5*a - 2. Let z be b(3). Let v(m) = m - m + 2 - m**2 - z*m. What is the units digit of v(-4)?
2
Let p(k) = -3*k**3 + 3*k + 2. Let w be p(-2). Let a = w + -7. What is the tens digit of a?
1
Let n = 88 + -53. What is the tens digit of n?
3
Let r = -2 + 6. Let c be r/7*7/2. What is the units digit of ((-3)/(-3) - c)*-7?
7
Suppose -19 = p + 11. What is the tens digit of (-72)/7*140/p?
4
Let y(r) = -7*r + 5. Let p = -3 - 2. Let b be y(p). What is the units digit of ((-24)/(-20))/(6/b)?
8
Let v(w) = -w**3 - 12*w**2 - w - 8. Let m be v(-12). Suppose 27 - 3 = 2*l - 4*g, -3*l - m = 2*g. What is the units digit of l?
2
Suppose 150 = i + 4*i. What is the tens digit of i?
3
Let y(x) = -2*x + 6. Let l(m) = 3*m + 3. Let p be l(6). Suppose z = -4*f - 10, 3*z + f + p = -2*f. What is the units digit of y(z)?
8
Suppose 4*v - 5 - 3 = 0. What is the tens digit of -2 - (v - (26 + 3))?
2
Let u(f) = -f**2 + 5*f. Let b be u(4). Suppose -6*w + 4*w - 5*x = -35, 5*w - 5 = b*x. What is the units digit of w?
5
Suppose 7 = -3*s + 4*s. Suppose 9*l - 7*l = 2. Suppose a - l = s. What is the units digit of a?
8
Let y(b) = 5 + b + 0*b - 1 + 2. What is the units digit of y(-3)?
3
Suppose -2*f = -2*y + 410, 5*y + 2*f - 427 - 591 = 0. What is the units digit of y?
4
Let k(f) = f**3 + 11*f**2 + 1. Suppose -11*t = -6*t + 55. What is the units digit of k(t)?
1
Let h(m) = 4*m**2 + 2*m + 13. What is the units digit of h(7)?
3
Suppose -2*n = 4*n - 390. What is the units digit of n?
5
Suppose 5*v - 1 - 4 = 0. Suppose -5*s + 5 = h - v, 5*s = -3*h + 28. What is the units digit of h?
1
Let m = 52 + -33. Let o = m + -7. Suppose 5*u = o + 3. What is the units digit of u?
3
Suppose 6*i = i + 295. Suppose -3*g + i = -19. What is the units digit of g?
6
Let g(i) = i - 4. Let f be 6*3/(2 - -1). What is the units digit of g(f)?
2
Let q(a) = a**2 - 7*a + 3. Let u be q(7). Let z be (4/(-2) + -3)*u. What is the tens digit of -3 - -1 - 1 - z?
1
Suppose -3*l + l + 52 = 0. Let b = -8 + l. What is the units digit of b?
8
Let q(u) = -u**3 + 6*u**2 - 5*u + 6. Let l be q(4). Let m = 7 + -4. Suppose -3*v + v = -2*j + 8, 4*j - l = m*v. What is the units digit of j?
6
Let b = -86 + 146. Suppose 5*q - b = -0*q. What is the units digit of q?
2
Let r = -8 - -11. Suppose 21 = r*w - 3*y, -7*w + 4*y + 39 = -2*w. What is the tens digit of w?
1
Let u = 55 + -26. Suppose -3*g - u = -4*x, 2*g = -3*x + g + 12. Suppose -60 = -x*k - 0*k. What is the tens digit of k?
1
Let t be -4*3/(-12)*1. Suppose -d + t = -6. Suppose -55 = -d*z + 2*z. What is the units digit of z?
1
Let u(y) = 9*y**2 + 9*y - 2. Let h(q) = 5*q**2 + 5*q - 1. Let t(p) = -5*h(p) + 3*u(p). What is the units digit of t(-2)?
3
Let t = -2 + 1. What is the tens digit of (-1 - 2*5)*t?
1
Suppose 0 = -j - 5*m - 23, 19 = 5*j - 2*m - 1. Let h be 1 + (2 - (j + -1)). What is the units digit of h - (0 + -10) - 3?
9
What is the tens digit of 2 - 5 - 144/(-3)?
4
Let n(g) = g + 2. Let o be n(3). Suppose 0 = -6*b + 3*b + 2*j + 39, 0 = -4*j + 12. What is the units digit of (o/b)/(2/12)?
2
Let t(b) = -2*b + 59. What is the units digit of t(8)?
3
Suppose -x + 2 = 0, -3*x = 2*b - 24 - 6. What is the tens digit of 3/b + (-43)/(-4)?
1
Let z(b) be the second derivative of b**4/6 + b**3 - b**2/2 + b. What is the units digit of z(-5)?
9
Let r = -1 - -9. Let g be -2 - (1 + 0 + 0). Let o = g + r. What is the units digit of o?
5
Suppose -1584 = -19*o + 11*o. What is the units digit of o?
8
Let t be 8/(-28) - 4/(-14). Let g be (-18 - 0) + t/(-3). Let i = g - -25. What is the units digit of i?
7
Suppose 0 = -4*j + 3*l + l - 12, -27 = -j - 5*l. Suppose k - 33 = -j*k. What is the units digit of k?
1
Suppose 0 = 5*u + 2*s + 18, 0*u = 2*u + s + 8. Let v(r) = 4*r**2 + r. What is the tens digit of v(u)?
1
Let f = -53 - -118. What is the tens digit of f?
6
Let o be (-4 - -1) + -2 + 1. Let g be o/18 - 47/(-9). Suppose -g*n = -28 - 57. What is the units digit of n?
7
Suppose 23 - 3 = -5*p. Let w(o) = o**2 + o - 2. What is the units digit of w(p)?
0
Suppose -r = -6*r - 5*a + 45, r - 19 = -3*a. Suppose 0 = 2*c - 4*c + 5*b + 33, r*c - 48 = 4*b. What is the units digit of 3/c + (-16)/(-6)?
3
Suppose -4*w + 7*w - 4*c = 92, -3*w - 4*c = -124. What is the units digit of w?
6
What is the units digit of (72/(-42))/(2/(-7))?
6
Suppose 2*a = 5*j + 5, -5*a - 2*j - 8 - 23 = 0. Let y(b) = -3*b - 6*b**2 - 2 + 5*b**2 - 3*b. What is the units digit of y(a)?
3
Suppose -x = -4*g - 4*x + 494, -2*g = -5*x - 234. What is the tens digit of g?
2
Let n(d) be the third derivative of -d**6/120 - 7*d**5/60 - 7*d**4/24 + 2*d